
4
Let x = -92 - -94. Let q be (1 + x - 1) + 175. Suppose 0 = i - 5*a - 31, 4*i - 2*a + 17 = q. What is the tens digit of i?
4
What is the thousands digit of 174/29 - 16959/(-3)?
5
What is the units digit of 558/(-930) + (371739/15 - (-1 + 4))?
9
Let k(p) = -p**2 + 12*p + 26. Let s be (45/30)/(25/(-14) + 2). What is the tens digit of k(s)?
6
Suppose 36*c = 287138 - 18506. What is the tens digit of c?
6
Suppose -18*l - 3*l = -12705. What is the tens digit of l?
0
Let v = 23717 + -16619. What is the hundreds digit of v?
0
Let i = 34604 - 15002. What is the tens digit of i?
0
Let c(a) be the third derivative of -49*a**6/120 + a**4/6 - a**3/2 - 2*a**2 - 34. What is the tens digit of c(-2)?
8
What is the hundreds digit of -7191*(188/(-423) + 1/9)?
3
Let y be (-6)/(-30) + (-3238)/(-10). Let k = y + -164. Suppose -245 = -9*z + k. What is the units digit of z?
5
Let d be 1/2*(-25586)/(-11). Suppose 4*b - 305 = d. What is the hundreds digit of b?
3
Suppose 3*j - 4 - 11 = 0. Suppose 0 = -3*k - j*z - 0 + 1, -18 = k - 2*z. What is the units digit of 7/((-14)/k) + 64?
8
Let t(m) = -2*m**2 + 77 - 60*m - m**3 - 62*m + 126*m. What is the units digit of t(0)?
7
Suppose 0 = 3*y - y. Let k(x) be the second derivative of x**4/12 - x**3/6 + 125*x**2/2 + 357*x. What is the hundreds digit of k(y)?
1
Let g(y) = 351*y**2 - 84*y + 525. What is the units digit of g(7)?
6
Suppose 18*v = 4*g + 17*v - 88122, 2*v = 4*g - 88124. What is the thousands digit of g?
2
Let h(s) = 89*s**2 + s + 6. Suppose 0 = -6*d + 2*d - 5*r - 23, -3*d - 4*r = 18. What is the units digit of h(d)?
0
Let d(v) = 66*v + 1202. What is the thousands digit of d(37)?
3
Suppose 35308 = 55*d - 33*d - 35488. What is the tens digit of d?
1
Suppose -145*o + 8 = -141*o. What is the tens digit of ((-127)/(-2) - o)/(44/264)?
6
Let i be 3*2/(-18)*-313*6. Suppose -4*j + 4*o + 4452 = 0, -4936 = -5*j + 4*o + i. What is the hundreds digit of j?
1
Let o(h) = h - 6. Suppose -5*p - p = 0. Suppose p = 4*w - 47 - 9. What is the units digit of o(w)?
8
Let x(a) = -33*a + 1584. What is the tens digit of x(-113)?
1
Suppose 53 = 5*j + 2*x + 2*x, -2*j + 10 = -4*x. Let n = 292 + -288. Suppose -157 = -n*s - j. What is the units digit of s?
7
Let o(t) = 2*t - 10. Let i be o(6). Let u be (4/4)/(2/i)*-98. Let n = 319 + u. What is the tens digit of n?
2
Let d(x) = -x**3 - 33*x**2 - x - 20. Let s be d(-33). Suppose -1952 = -s*l + 2351. What is the units digit of l?
1
Let q(w) = 8*w + 4. Let m = -54 - -53. Let z be q(m). Let t(r) = -32*r - 9. What is the tens digit of t(z)?
1
Let l be (86/8)/(3/(-108)). What is the tens digit of 28/(l/78 - -5)?
2
Suppose -w = -7*w + 12. Let y(x) = 69*x**2 - 5*x + 3. What is the tens digit of y(w)?
6
Let n be 5*1/(12/6 + -1). What is the units digit of 408/30*n/2?
4
Let q(v) = -7*v + 7. Suppose g - 29 = -31. Let d be q(g). Suppose d*n - 17*n = 588. What is the tens digit of n?
4
Let d(i) = -i**3 + 2*i**2 + 3. Let h be d(2). Let t(w) = 3*w - 6*w + 9*w**2 + w**h + 9 + 2*w. What is the units digit of t(-8)?
1
Let q = -4817 - -59347. What is the hundreds digit of q?
5
Let a be 0 + (97 - (-8 + 6)). Suppose -4*w = -2*t + 40, 5*t = -3*w + 53 + a. What is the tens digit of t?
2
Let p(v) = -1975*v**3 + v**2 - 12*v - 77. What is the tens digit of p(-3)?
9
Let o(g) = g**2 + 12*g - 23. Let z be o(-13). What is the hundreds digit of -12*z/(-45)*(-111)/2?
1
Let f(c) = 83*c**2 - 6*c + 1. Suppose 7 = 11*g - 15. What is the tens digit of f(g)?
2
Let z(i) = 5596*i + 69. What is the tens digit of z(1)?
6
Suppose -391 = -27*h + 10*h. Let d(g) = 6*g + 89. What is the units digit of d(h)?
7
Suppose -2*b = -5*y - 871, 15*b = 10*b - y + 2191. What is the units digit of b?
8
Let o = 13 - 47. Let w = -30 - o. Suppose w*m - 138 = -2*m. What is the tens digit of m?
2
Let m = 117 + -109. Let k(v) = -17*v - 47. Let o be k(m). Let a = -25 - o. What is the units digit of a?
8
Let r(i) = 2578*i + 387. What is the thousands digit of r(4)?
0
Suppose 2*n + 36 = -r, 2*r + 2*n = n - 78. Let w(x) = -x**2 - 41*x - 21. What is the tens digit of w(r)?
1
Let d be 4 + -3 + -5 - 0 - 1. What is the units digit of ((-14545)/8)/d - 27/(-72)?
4
Let u = -2 - -27. Suppose -5*m = -4*a + 25, 5*m = a - 4*a - u. Suppose a = j - 0*j - 74. What is the tens digit of j?
7
Suppose -2*b - k - 129 = 247, -2*k = -2*b - 376. Let o be 6*(-1 - (17 - 0)). Let r = o - b. What is the units digit of r?
0
Let n(c) = -13*c**3 + c**2 + 2*c - 19. Let x be n(-6). Let r = x + -1805. Suppose -4*s + 4*a + r = 0, 4*a - 1269 = -7*s + 2*s. What is the hundreds digit of s?
2
What is the units digit of 8 + -13 + (12 + -2 - 2) + 21695?
8
What is the units digit of (272 + -267)/((-2)/(-566))?
5
Let s = 150006 - 75909. What is the hundreds digit of s?
0
Suppose -p + 5*k = p - 26, -32 = -2*p + 2*k. Let i be p*(-3 - (26/(-6) - -3)). Let n = i - -167. What is the tens digit of n?
3
Let v be (-2 - 0) + 2 + -12. Let y be (2*22/(-4))/((-2)/v). Let p = 164 + y. What is the tens digit of p?
9
What is the units digit of 150*(6768/108 + (1 - 6))?
0
Suppose 3*c - 2*u = 365, -c - 2*u + 36 = -83. Let a be c - 8/(4 + -2). Suppose m - 5*z - a = 0, -189 = -2*m - 0*m - 5*z. What is the hundreds digit of m?
1
Let t = 40 + -40. Suppose f + 14 - 34 = t. Suppose q - 5*a - 35 = 0, -103 = -3*q + 4*a - f. What is the tens digit of q?
2
What is the hundreds digit of ((-86)/1)/((-892)/382222)?
8
Suppose 16*r - 3*r - 5902 = 0. Let a = -236 + r. What is the tens digit of a?
1
Let y = -33 - -30. Let t be (5 + y - 2)/((-2)/2). What is the units digit of 50 + (2 - t) + -6?
6
Let q(n) = -166*n - 768. What is the units digit of q(-23)?
0
Suppose -d - 74264 = 3354*p - 3358*p, 5*d + 40 = 0. What is the ten thousands digit of p?
1
Suppose 0 = j + 5*z + 688 + 966, -5*j - 8150 = -5*z. Let a = j - -2723. What is the hundreds digit of a?
0
Suppose -g + 119 = 2*h - 267, -5 = -5*h. Suppose -5*s + s = -g. Suppose 6*f - s = 3*f. What is the units digit of f?
2
What is the tens digit of (96/(-168))/(-7 + 9907056/1415295)?
6
Let q = -110 - -72. Let g = q - -40. Suppose -g*j + 7*j = 4*n - 221, 5*j = -3*n + 122. What is the units digit of n?
9
Let j = -30 - -28. Let o(n) = -241*n + 8. Let x be o(j). Suppose b + x = 8*b. What is the units digit of b?
0
Let h(d) be the first derivative of 3*d**3 - 7*d**2/2 + 7*d + 56. What is the tens digit of h(-5)?
6
Suppose 3*r - 84 = 4431. Suppose -8*s = -3*s - r. What is the hundreds digit of s?
3
Let x = -11251 - -23430. What is the ten thousands digit of x?
1
Suppose -32*w - 10 = -34*w. Suppose 2*y - 4*v = 236, 0*y + w*y + 2*v = 650. Suppose -108 = -2*t + y. What is the hundreds digit of t?
1
Let p = -33 - -23. Let l(t) = t**3 + 10*t**2 + t + 24. Let q be l(p). Let a(i) = 10*i - 56. What is the tens digit of a(q)?
8
Suppose -4*u + 11804 = d, 33*u + 23573 = 2*d + 34*u. What is the units digit of d?
4
Let j(g) = -462*g - 2982. What is the hundreds digit of j(-14)?
4
Suppose -8*s + 3 = -7*s. Suppose -5*n = -t - 11, 2*n - 2*t - s = -3*t. Suppose -4*r + n*y + 398 = 0, r = 4*r - 3*y - 291. What is the tens digit of r?
0
Let k(j) = -6*j + 17 + 7*j - 2*j + 1. Let t be k(13). Suppose -t*q = -v - 665, 4*q + v - 508 = -3*v. What is the tens digit of q?
3
Let c(j) = j - 1. Let s(u) = 13*u - 7. Let g(l) = -4*c(l) - s(l). Suppose 138 = 2*a - 25*a. What is the hundreds digit of g(a)?
1
Let j(t) = -7 + 96*t - 95*t + 2*t**3 - 10*t**3 + 3*t**2. What is the tens digit of j(-3)?
3
Suppose -179 = -f + 11. Let z be f/57*(-6)/(-4). Suppose 0*q - q + z*v + 71 = 0, 0 = 2*q - v - 151. What is the tens digit of q?
7
Let b(v) = -v**3 + 920*v**2 - v + 109 - 920*v**2. What is the hundreds digit of b(0)?
1
Let s(q) = -38*q**3 - 4*q**2 - 92*q - 663. What is the units digit of s(-8)?
3
Let f(t) = -t**2 - 1237*t + 1195*t - 6 + 56. What is the tens digit of f(-34)?
2
Let y(b) = -b**3 - 12*b**2 - 35*b - 207. Let g be y(-8). Let l = 257 - -27. Let a = l + g. What is the units digit of a?
1
Let t(y) = 28*y**2 - 113*y - 915. What is the hundreds digit of t(-10)?
0
Suppose -5575 - 12653 = -42*u. What is the units digit of u?
4
Let c(n) = -n - 1. Let r(i) = -95*i - 40. Let m(o) = 4*c(o) - r(o). What is the units digit of m(9)?
5
Let a be (4/(-12))/(2/(-966)). Let p be (a - (7 - 3))*-1. Let b = p + 366. What is the hundreds digit of